the prime factors of u.
2, 11, 23
Let m(s) = -s**3 + 9*s**2 - 2*s - 25. Let o be m(8). Let t = o - 16. Let l(x) = 3*x**2 - 18*x + 16. List the prime factors of l(t).
37
Let d(k) = 22*k + 44. Let b be d(-2). Let n(o) = -o**3 - 3*o**2 + o + 1346. What are the prime factors of n(b)?
2, 673
Suppose 0 = -2*g + 2*b + 63482, 4*g - 5*b - 172176 = -45209. What are the prime factors of g?
2, 7, 2267
Let b(j) be the third derivative of -j**4/4 - j**3/2 + 2*j**2. Suppose -19*a + 17*a - 16 = 0. List the prime factors of b(a).
3, 5
Let c(x) = 11 + x**2 + 2*x - 8 - 10. Let m be c(-3). List the prime factors of m/(-18) - (-2329)/18*2.
7, 37
What are the prime factors of (236445/(-220))/((-6)/8*1)?
1433
Suppose 6*f - f = 5. Let n be ((-150)/(-40) - 4)*0/(-2). List the prime factors of (39/(-26) - n/f)*-2.
3
Suppose 13*i + 2249 - 10530 = 0. Suppose 7*y - 14*y = -i. List the prime factors of (-4)/14 + 13221/y.
5, 29
Let i(m) = -421*m**3 + 19*m**2 + 59*m + 58. What are the prime factors of i(-4)?
2, 5, 2707
Suppose 0 = 11*d - 2*d + 2*l - 1902, -d = -3*l - 221. What are the prime factors of d?
2, 53
Suppose 2*h + 104 = 3*r, -3*r + 5*h + 99 = 1. Suppose r*x = 29*x - 4018. What are the prime factors of (x/(-4) - -1)/((-2)/(-4))?
17
Let a = 2 + 2. Let i be ((-105)/(-20) + -4)*4. Suppose h - 46 = -i*v, -a*h + 2*v - 3*v + 222 = 0. List the prime factors of h.
2, 7
Let o(w) be the first derivative of 16*w**3 + w**2/2 - 13*w - 48. List the prime factors of o(-3).
2, 13
Let i = 52611 + 13072. List the prime factors of i.
19, 3457
Let k be 24/30*(0 - 5) + -1. Let j(r) = 6*r**2 - 3*r + 13*r - r - r**3 + 15. List the prime factors of j(k).
5, 7
Suppose -s + 1299 = 3*g, -3*g - 8878 = -5*s - 2401. Suppose 2*a = 4*f - s, -7*a + 4*a - 1296 = -4*f. List the prime factors of f.
2, 3
What are the prime factors of (-63)/18*((-121449)/21 - 3)?
2, 61, 83
Let x = -600 + -61. List the prime factors of (18 - x) + (-12)/2.
673
List the prime factors of (1280/(-25))/((-56)/8120).
2, 29
Let c = 580 - 400. Suppose -1511 + 380 = -3*y. Let n = y - c. List the prime factors of n.
197
What are the prime factors of (-5)/(-1) + 71689/(-1 + 18)?
2, 2111
Let c(h) = h**3 + 77*h**2 + 16*h - 243. List the prime factors of c(-76).
3, 1439
Suppose m = 2*i + 18796, 2799*i = 5*m + 2795*i - 94016. What are the prime factors of m?
2, 2351
Let c be -3 + (14 - (-16)/(-4)) + -3. Suppose -4*v + 470 = -5*o + 3384, 0 = 4*o - c*v - 2328. What are the prime factors of o?
2, 293
Let f(b) = 9*b + 124. Let q be (60/(-24))/(1*1/2). What are the prime factors of f(q)?
79
Suppose -33*g + 50*g - 51051 = 0. Suppose -178 + g = 25*i. What are the prime factors of i?
113
Let d(a) = 186*a + 2210. What are the prime factors of d(39)?
2, 7, 13
Let s be (0 + -2)*-1 - 0. Let y = 1295 - 1290. Suppose y*i - 6*o - 955 = -2*o, s*i + o - 382 = 0. List the prime factors of i.
191
Let m = 54445 + 20577. List the prime factors of m.
2, 37511
Let y(f) = 580*f**2 + 5*f - 5. Let r be 4 - (4/(-1) + 4) - 3. What are the prime factors of y(r)?
2, 5, 29
Let r be -77*5/(-7 - -2). Let w = r + 418. What are the prime factors of w?
3, 5, 11
Let z(w) = -35 + 26 + 23 + 2*w. Let m be z(14). Let a = m + -30. What are the prime factors of a?
2, 3
What are the prime factors of (22 - (-7364 + 17))/((-2)/(-2))?
7369
Let f(r) = r**3 + 7*r**2 - 29*r - 90. Let j be f(-9). List the prime factors of (408 + j)*6/9.
2, 139
Let n(m) = m**3 + 12*m**2 + 10*m - 11. Let w be n(-11). Suppose 0 = s - g - 2, s + 0*g - 5*g - 18 = w. List the prime factors of (s - -3)/((-6)/(-360)).
2, 3, 5
Let p = 59265 + -40980. List the prime factors of p.
3, 5, 23, 53
Let v = -40410 - -111532. List the prime factors of v.
2, 43, 827
Suppose 0 = -6*w + 731 - 575. Let q = w - -448. List the prime factors of q.
2, 3, 79
Suppose 0 = -4*x - 3*u + 26483, -u = 13*x - 11*x - 13239. What are the prime factors of x?
13, 509
Suppose 0*v - 782 = -3*a - 2*v, -3*v = -2*a + 504. Suppose -2*x - 894 = -a. List the prime factors of ((-10)/6 + 1)/(4/x).
53
Let x(t) = 352*t**2 + 12*t - 34. What are the prime factors of x(-4)?
2, 3, 5, 37
Suppose -10*f - 30 = -12*f. List the prime factors of (6/(-10))/(f/(-4125)).
3, 5, 11
Suppose 32 = k + 3*k. Let j = -8 + k. Suppose 5*v - 1165 = -5*t, -2*v - 3*v + 4*t + 1174 = j. List the prime factors of v.
2, 3, 13
Let b(p) = 85*p**2 + 36*p + 607. List the prime factors of b(27).
2, 13, 47
Suppose 61*u - 62 - 22935 = 0. Let c = u + 662. What are the prime factors of c?
1039
Let j = -1092 + 2096. Suppose 2*t + k = 2*k + j, 3*t + 5*k = 1519. List the prime factors of t.
503
Let f(y) = 31*y - 4*y**2 + 6*y**2 - 26 + 3 - 33. List the prime factors of f(11).
17, 31
Let g = -17823 - -36614. List the prime factors of g.
19, 23, 43
Suppose 0 = -4*j + 3*j + 121. Let c be 8*(-7)/(-224) - (2023/28 + -4). Let l = j - c. What are the prime factors of l?
3, 7
What are the prime factors of (-13644)/((-31 - -20) + 10)?
2, 3, 379
Let p = 25148 - 7410. What are the prime factors of p?
2, 7, 181
Let g = -22 + 43. Suppose -2*o = 5 - g. Suppose o*r = 3*r + p + 308, 2*p = 4*r - 250. What are the prime factors of r?
61
Suppose -5*n = 3*q - 15, -n - 6 = -4*q - 3*n. Suppose 5*m - 977 - 2588 = c, 3*m - 4*c - 2156 = q. What are the prime factors of m?
2, 89
Let j(d) = d**3 + 3*d**2 - d - 2. Let n be j(-2). Let q(r) = 3*r - n*r + 0*r + 9 + r**2. What are the prime factors of q(4)?
3, 7
Let i(l) = l**3 - 7*l**2 - 11*l + 24. Let q be i(8). Suppose q = 3*v + 5*v - 5168. Suppose 2*p + 3*d = 2*d + 265, -5*p + 3*d = -v. List the prime factors of p.
131
Suppose -13*u - 94*u = 113*u - 3908080. List the prime factors of u.
2, 4441
Let v be 1/2 - (-22)/(-4). Let h(r) = 13178 - 26358 + 13201 - 18*r. List the prime factors of h(v).
3, 37
Let l be (-81)/(283/(-70) + 4). Suppose 29*t - l - 5186 = 0. List the prime factors of t.
2, 61
Let h(q) = -5*q + 4. Suppose 0 = 29*r - 30*r + 5. Suppose 0 = 4*j + 2*w, -j + 4*j = r*w. List the prime factors of h(j).
2
What are the prime factors of (-31)/(705341/32062 - 22)?
2, 17, 31, 41
Let j(y) = 7*y**2 - 4*y + 7. Let h(q) = 2*q**2 + 3*q - 9. Let s be h(-4). Let m be (s + -2)*1/3. What are the prime factors of j(m)?
2, 29
Let v = -81 + 82. Let k be (2/3 - v)*-6. Suppose -5*c = k*g - 5*g + 480, -483 = -3*g + 4*c. List the prime factors of g.
3, 5, 11
Let d be 8*(18 - (-36)/(-4)). List the prime factors of 3 - 30132/(-15) - d/(-60).
3, 11, 61
What are the prime factors of (-4)/26 + ((-6661070)/(-676) - (-6)/(-4))?
2, 3, 821
Let k(s) = 13*s + 2. Let w(t) = 2*t + t + 0*t - 2*t. Let u(h) = k(h) - 4*w(h). List the prime factors of u(6).
2, 7
Let x be 1 + (-9160)/(-5) + (-6)/2. Suppose 0 = -2*h - h + x. Let w = 900 - h. List the prime factors of w.
2, 5, 29
Let j = 48674 - 23517. What are the prime factors of j?
11, 2287
Suppose -1758 + 11658 = 18*m. Let i be (m/(0 + -2) - -1)*-2. Suppose i + 424 = 4*j. What are the prime factors of j?
3
Suppose 127*q - 3636600 = 32*q. List the prime factors of q.
2, 3, 5, 11, 29
Let m(x) = -38 - 9553*x + 65 + 9516*x + 51. What are the prime factors of m(-11)?
5, 97
Let k(i) = -i**3 - 9*i**2 - 12*i + 7. Let h be k(-6). Let v(w) = w**3 - w**2 - w + 56. Let u be v(0). Let z = u + h. What are the prime factors of z?
3
Let g = 413 - 260. Suppose n - 47 = -0*r - 2*r, -3*r - 2*n = -70. List the prime factors of 32/r*(0 + 0 + g).
2, 3, 17
Let u(k) = -11*k - 9. Let f(m) = 4 - 8 - 4 + m. Let d be f(0). List the prime factors of u(d).
79
Suppose g = 3*h - 65, -2*g - 3 - 47 = -2*h. Suppose -3*l - 1078 = -2*b, 18 - h = -l. List the prime factors of b.
2, 271
Let p(q) be the first derivative of q**4/4 + 2*q**3 - 8*q**2 - 3*q + 6. Let b be p(-14). List the prime factors of ((-15)/10)/1 + b/(-6).
223
Suppose -7354 = 3*j + 4*u + 1143, -u - 5668 = 2*j. What are the prime factors of ((-2)/(-2))/(11335/j - -4)?
3, 7
Let j be 14/(-42) - 26/(-6). Suppose 0 = -8*o + j*o. Suppose -g + 45 + 37 = o. List the prime factors of g.
2, 41
Suppose 77*j - 746387 = -46996. List the prime factors of j.
31, 293
Suppose -34*o - 362224 = -180*o + 3334058. List the prime factors of o.
3, 29, 97
Let l(a) = 93*a + 8865. List the prime factors of l(0).
3, 5, 197
Suppose 0 = -0*r + r + 5*t - 750, -r + 2*t = -757. What are the prime factors of r?
5, 151
List the prime factors of (-30)/